{"id":1014099,"date":"2025-07-07T09:02:53","date_gmt":"2025-07-07T07:02:53","guid":{"rendered":"https:\/\/2026.stilanddesign.se\/?post_type=product&#038;p=1014099"},"modified":"2025-07-07T15:57:12","modified_gmt":"2025-07-07T13:57:12","slug":"lyxig-kaftan-m-knyte-i-midjan-i-gront","status":"publish","type":"product","link":"https:\/\/2026.stilanddesign.se\/en\/product\/lyxig-kaftan-m-knyte-i-midjan-i-gront\/","title":{"rendered":"Luxurious kaftan with tie at the waist in green"},"content":{"rendered":"<h1 class=\"alt-font\"><strong>Luxurious kaftan with a tie at the waist!<\/strong><\/h1>\n<p>H\u00e4rlig kaftan f Chica London, m\u00f6nstrad m silvertr\u00e5dar i tyget som g\u00f6r att den ser s\u00e5 himla lyxig ut. Kaftan har \u00e4ven en fj\u00e4rils\u00e4rm.<\/p>\n<p>Material<\/p>\n<p>100% Polyester<\/p>\n<p>Washing instructions<\/p>\n<p>30g<\/p>","protected":false},"excerpt":{"rendered":"<h1 class=\"alt-font\"><strong>Luxurious kaftan with a tie at the waist!<\/strong><\/h1>\n<p>H\u00e4rlig kaftan f Chica London, m\u00f6nstrad m silvertr\u00e5dar i tyget som g\u00f6r att den ser s\u00e5 himla lyxig ut. Kaftan har \u00e4ven en fj\u00e4rils\u00e4rm.<\/p>\n<p>Material<\/p>\n<p>100% Polyester<\/p>\n<p>Washing instructions<\/p>\n<p>30g<\/p>","protected":false},"featured_media":1014112,"comment_status":"closed","ping_status":"closed","template":"","meta":[],"product_brand":[],"product_cat":[209],"product_tag":[],"class_list":["post-1014099","product","type-product","status-publish","has-post-thumbnail","product_cat-reaprodukter","first","outofstock","taxable","shipping-taxable","product-type-variable"],"yoast_head":"<!-- This site is optimized with the Yoast SEO Premium plugin v27.9 (Yoast SEO v28.4) - https:\/\/yoast.com\/product\/yoast-seo-premium-wordpress\/ -->\n<title>Lyxig kaftan m knyte i midjan i gr\u00f6nt - Stil &amp; Design<\/title>\n<meta name=\"robots\" content=\"noindex, follow, max-snippet:-1, max-image-preview:large, max-video-preview:-1\" \/>\n<meta property=\"og:locale\" content=\"en_US\" \/>\n<meta property=\"og:type\" content=\"article\" \/>\n<meta property=\"og:title\" content=\"Lyxig kaftan m knyte i midjan i gr\u00f6nt\" \/>\n<meta property=\"og:description\" content=\"Lyxig kaftan m knyte i midjan! H\u00e4rlig kaftan f Chica London, m\u00f6nstrad m silvertr\u00e5dar i tyget som g\u00f6r att den ser s\u00e5 himla lyxig ut. Kaftan har \u00e4ven en fj\u00e4rils\u00e4rm.  Material  100% Polyester  Tv\u00e4ttr\u00e5d  30g\" \/>\n<meta property=\"og:url\" content=\"https:\/\/2026.stilanddesign.se\/en\/product\/lyxig-kaftan-m-knyte-i-midjan-i-gront\/\" \/>\n<meta property=\"og:site_name\" content=\"Stil &amp; Design\" \/>\n<meta property=\"article:modified_time\" content=\"2025-07-07T13:57:12+00:00\" \/>\n<meta property=\"og:image\" content=\"https:\/\/2026.stilanddesign.se\/wp-content\/uploads\/2024\/11\/3-15-scaled-3.jpg\" \/>\n\t<meta property=\"og:image:width\" content=\"1401\" \/>\n\t<meta property=\"og:image:height\" content=\"2560\" \/>\n\t<meta property=\"og:image:type\" content=\"image\/jpeg\" \/>\n<meta name=\"twitter:card\" content=\"summary_large_image\" \/>\n<meta name=\"twitter:label1\" content=\"Availability\" \/>\n\t<meta name=\"twitter:data1\" content=\"Out of stock\" \/>\n<script type=\"application\/ld+json\" class=\"yoast-schema-graph\">{\"@context\":\"https:\\\/\\\/schema.org\",\"@graph\":[{\"@type\":\"WebPage\",\"@id\":\"https:\\\/\\\/2026.stilanddesign.se\\\/produkt\\\/lyxig-kaftan-m-knyte-i-midjan-i-gront\\\/\",\"url\":\"https:\\\/\\\/2026.stilanddesign.se\\\/produkt\\\/lyxig-kaftan-m-knyte-i-midjan-i-gront\\\/\",\"name\":\"Lyxig kaftan m knyte i midjan i gr\u00f6nt - Stil &amp; Design\",\"isPartOf\":{\"@id\":\"https:\\\/\\\/2026.stilanddesign.se\\\/#website\"},\"primaryImageOfPage\":{\"@id\":\"https:\\\/\\\/2026.stilanddesign.se\\\/produkt\\\/lyxig-kaftan-m-knyte-i-midjan-i-gront\\\/#primaryimage\"},\"image\":{\"@id\":\"https:\\\/\\\/2026.stilanddesign.se\\\/produkt\\\/lyxig-kaftan-m-knyte-i-midjan-i-gront\\\/#primaryimage\"},\"thumbnailUrl\":\"https:\\\/\\\/2026.stilanddesign.se\\\/wp-content\\\/uploads\\\/2024\\\/11\\\/3-15-scaled-3.jpg\",\"datePublished\":\"2025-07-07T07:02:53+00:00\",\"dateModified\":\"2025-07-07T13:57:12+00:00\",\"breadcrumb\":{\"@id\":\"https:\\\/\\\/2026.stilanddesign.se\\\/produkt\\\/lyxig-kaftan-m-knyte-i-midjan-i-gront\\\/#breadcrumb\"},\"inLanguage\":\"en-US\",\"potentialAction\":[{\"@type\":\"ReadAction\",\"target\":[\"https:\\\/\\\/2026.stilanddesign.se\\\/produkt\\\/lyxig-kaftan-m-knyte-i-midjan-i-gront\\\/\"]}]},{\"@type\":\"ImageObject\",\"inLanguage\":\"en-US\",\"@id\":\"https:\\\/\\\/2026.stilanddesign.se\\\/produkt\\\/lyxig-kaftan-m-knyte-i-midjan-i-gront\\\/#primaryimage\",\"url\":\"https:\\\/\\\/2026.stilanddesign.se\\\/wp-content\\\/uploads\\\/2024\\\/11\\\/3-15-scaled-3.jpg\",\"contentUrl\":\"https:\\\/\\\/2026.stilanddesign.se\\\/wp-content\\\/uploads\\\/2024\\\/11\\\/3-15-scaled-3.jpg\",\"width\":1401,\"height\":2560},{\"@type\":\"BreadcrumbList\",\"@id\":\"https:\\\/\\\/2026.stilanddesign.se\\\/produkt\\\/lyxig-kaftan-m-knyte-i-midjan-i-gront\\\/#breadcrumb\",\"itemListElement\":[{\"@type\":\"ListItem\",\"position\":1,\"name\":\"Hem\",\"item\":\"https:\\\/\\\/2026.stilanddesign.se\\\/\"},{\"@type\":\"ListItem\",\"position\":2,\"name\":\"Butiken\",\"item\":\"https:\\\/\\\/2026.stilanddesign.se\\\/butiken\\\/\"},{\"@type\":\"ListItem\",\"position\":3,\"name\":\"Lyxig kaftan m knyte i midjan i gr\u00f6nt\"}]},{\"@type\":\"WebSite\",\"@id\":\"https:\\\/\\\/2026.stilanddesign.se\\\/#website\",\"url\":\"https:\\\/\\\/2026.stilanddesign.se\\\/\",\"name\":\"Stil &amp; Design\",\"description\":\"F\u00f6r oss som \u00e4lskar mode!\",\"publisher\":{\"@id\":\"https:\\\/\\\/2026.stilanddesign.se\\\/#organization\"},\"potentialAction\":[{\"@type\":\"SearchAction\",\"target\":{\"@type\":\"EntryPoint\",\"urlTemplate\":\"https:\\\/\\\/2026.stilanddesign.se\\\/?s={search_term_string}\"},\"query-input\":{\"@type\":\"PropertyValueSpecification\",\"valueRequired\":true,\"valueName\":\"search_term_string\"}}],\"inLanguage\":\"en-US\"},{\"@type\":\"Organization\",\"@id\":\"https:\\\/\\\/2026.stilanddesign.se\\\/#organization\",\"name\":\"Stil &amp; Design\",\"url\":\"https:\\\/\\\/2026.stilanddesign.se\\\/\",\"logo\":{\"@type\":\"ImageObject\",\"inLanguage\":\"en-US\",\"@id\":\"https:\\\/\\\/2026.stilanddesign.se\\\/#\\\/schema\\\/logo\\\/image\\\/\",\"url\":\"https:\\\/\\\/2026.stilanddesign.se\\\/wp-content\\\/uploads\\\/2023\\\/12\\\/output-onlinepngtools-e1727784413220.png\",\"contentUrl\":\"https:\\\/\\\/2026.stilanddesign.se\\\/wp-content\\\/uploads\\\/2023\\\/12\\\/output-onlinepngtools-e1727784413220.png\",\"width\":519,\"height\":135,\"caption\":\"Stil &amp; Design\"},\"image\":{\"@id\":\"https:\\\/\\\/2026.stilanddesign.se\\\/#\\\/schema\\\/logo\\\/image\\\/\"}}]}<\/script>\n<meta property=\"og:availability\" content=\"out of stock\" \/>\n<meta property=\"product:availability\" content=\"out of stock\" \/>\n<meta property=\"product:retailer_item_id\" content=\"M179-9 Gr\u00f6n\" \/>\n<meta property=\"product:condition\" content=\"new\" \/>\n<!-- \/ Yoast SEO Premium plugin. -->","yoast_head_json":{"title":"Lyxig kaftan m knyte i midjan i gr\u00f6nt - Stil &amp; Design","robots":{"index":"noindex","follow":"follow","max-snippet":"max-snippet:-1","max-image-preview":"max-image-preview:large","max-video-preview":"max-video-preview:-1"},"og_locale":"en_US","og_type":"article","og_title":"Lyxig kaftan m knyte i midjan i gr\u00f6nt","og_description":"Lyxig kaftan m knyte i midjan! H\u00e4rlig kaftan f Chica London, m\u00f6nstrad m silvertr\u00e5dar i tyget som g\u00f6r att den ser s\u00e5 himla lyxig ut. Kaftan har \u00e4ven en fj\u00e4rils\u00e4rm.  Material  100% Polyester  Tv\u00e4ttr\u00e5d  30g","og_url":"https:\/\/2026.stilanddesign.se\/en\/product\/lyxig-kaftan-m-knyte-i-midjan-i-gront\/","og_site_name":"Stil &amp; Design","article_modified_time":"2025-07-07T13:57:12+00:00","og_image":[{"width":1401,"height":2560,"url":"https:\/\/2026.stilanddesign.se\/wp-content\/uploads\/2024\/11\/3-15-scaled-3.jpg","type":"image\/jpeg"}],"twitter_card":"summary_large_image","twitter_misc":{"Availability":"Out of stock"},"schema":{"@context":"https:\/\/schema.org","@graph":[{"@type":"WebPage","@id":"https:\/\/2026.stilanddesign.se\/produkt\/lyxig-kaftan-m-knyte-i-midjan-i-gront\/","url":"https:\/\/2026.stilanddesign.se\/produkt\/lyxig-kaftan-m-knyte-i-midjan-i-gront\/","name":"Lyxig kaftan m knyte i midjan i gr\u00f6nt - Stil &amp; Design","isPartOf":{"@id":"https:\/\/2026.stilanddesign.se\/#website"},"primaryImageOfPage":{"@id":"https:\/\/2026.stilanddesign.se\/produkt\/lyxig-kaftan-m-knyte-i-midjan-i-gront\/#primaryimage"},"image":{"@id":"https:\/\/2026.stilanddesign.se\/produkt\/lyxig-kaftan-m-knyte-i-midjan-i-gront\/#primaryimage"},"thumbnailUrl":"https:\/\/2026.stilanddesign.se\/wp-content\/uploads\/2024\/11\/3-15-scaled-3.jpg","datePublished":"2025-07-07T07:02:53+00:00","dateModified":"2025-07-07T13:57:12+00:00","breadcrumb":{"@id":"https:\/\/2026.stilanddesign.se\/produkt\/lyxig-kaftan-m-knyte-i-midjan-i-gront\/#breadcrumb"},"inLanguage":"en-US","potentialAction":[{"@type":"ReadAction","target":["https:\/\/2026.stilanddesign.se\/produkt\/lyxig-kaftan-m-knyte-i-midjan-i-gront\/"]}]},{"@type":"ImageObject","inLanguage":"en-US","@id":"https:\/\/2026.stilanddesign.se\/produkt\/lyxig-kaftan-m-knyte-i-midjan-i-gront\/#primaryimage","url":"https:\/\/2026.stilanddesign.se\/wp-content\/uploads\/2024\/11\/3-15-scaled-3.jpg","contentUrl":"https:\/\/2026.stilanddesign.se\/wp-content\/uploads\/2024\/11\/3-15-scaled-3.jpg","width":1401,"height":2560},{"@type":"BreadcrumbList","@id":"https:\/\/2026.stilanddesign.se\/produkt\/lyxig-kaftan-m-knyte-i-midjan-i-gront\/#breadcrumb","itemListElement":[{"@type":"ListItem","position":1,"name":"Hem","item":"https:\/\/2026.stilanddesign.se\/"},{"@type":"ListItem","position":2,"name":"Butiken","item":"https:\/\/2026.stilanddesign.se\/butiken\/"},{"@type":"ListItem","position":3,"name":"Lyxig kaftan m knyte i midjan i gr\u00f6nt"}]},{"@type":"WebSite","@id":"https:\/\/2026.stilanddesign.se\/#website","url":"https:\/\/2026.stilanddesign.se\/","name":"Style &amp; Design","description":"For those of us who love fashion!","publisher":{"@id":"https:\/\/2026.stilanddesign.se\/#organization"},"potentialAction":[{"@type":"SearchAction","target":{"@type":"EntryPoint","urlTemplate":"https:\/\/2026.stilanddesign.se\/?s={search_term_string}"},"query-input":{"@type":"PropertyValueSpecification","valueRequired":true,"valueName":"search_term_string"}}],"inLanguage":"en-US"},{"@type":"Organization","@id":"https:\/\/2026.stilanddesign.se\/#organization","name":"Style &amp; Design","url":"https:\/\/2026.stilanddesign.se\/","logo":{"@type":"ImageObject","inLanguage":"en-US","@id":"https:\/\/2026.stilanddesign.se\/#\/schema\/logo\/image\/","url":"https:\/\/2026.stilanddesign.se\/wp-content\/uploads\/2023\/12\/output-onlinepngtools-e1727784413220.png","contentUrl":"https:\/\/2026.stilanddesign.se\/wp-content\/uploads\/2023\/12\/output-onlinepngtools-e1727784413220.png","width":519,"height":135,"caption":"Stil &amp; Design"},"image":{"@id":"https:\/\/2026.stilanddesign.se\/#\/schema\/logo\/image\/"}}]},"og_availability":"out of stock","product_availability":"out of stock","product_retailer_item_id":"M179-9 Gr\u00f6n","product_condition":"new"},"_links":{"self":[{"href":"https:\/\/2026.stilanddesign.se\/en\/wp-json\/wp\/v2\/product\/1014099","targetHints":{"allow":["GET"]}}],"collection":[{"href":"https:\/\/2026.stilanddesign.se\/en\/wp-json\/wp\/v2\/product"}],"about":[{"href":"https:\/\/2026.stilanddesign.se\/en\/wp-json\/wp\/v2\/types\/product"}],"replies":[{"embeddable":true,"href":"https:\/\/2026.stilanddesign.se\/en\/wp-json\/wp\/v2\/comments?post=1014099"}],"wp:featuredmedia":[{"embeddable":true,"href":"https:\/\/2026.stilanddesign.se\/en\/wp-json\/wp\/v2\/media\/1014112"}],"wp:attachment":[{"href":"https:\/\/2026.stilanddesign.se\/en\/wp-json\/wp\/v2\/media?parent=1014099"}],"wp:term":[{"taxonomy":"product_brand","embeddable":true,"href":"https:\/\/2026.stilanddesign.se\/en\/wp-json\/wp\/v2\/product_brand?post=1014099"},{"taxonomy":"product_cat","embeddable":true,"href":"https:\/\/2026.stilanddesign.se\/en\/wp-json\/wp\/v2\/product_cat?post=1014099"},{"taxonomy":"product_tag","embeddable":true,"href":"https:\/\/2026.stilanddesign.se\/en\/wp-json\/wp\/v2\/product_tag?post=1014099"}],"curies":[{"name":"wp","href":"https:\/\/api.w.org\/{rel}","templated":true}]}}

<h1 class="alt-font"><strong>Luxurious kaftan with a tie at the waist!</strong></h1>
<p>Härlig kaftan f Chica London, mönstrad m silvertrådar i tyget som gör att den ser så himla lyxig ut. Kaftan har även en fjärilsärm.</p>
<p>Material</p>
<p>100% Polyester</p>
<p>Washing instructions</p>
<p>30g</p>

<!-- This site is optimized with the Yoast SEO Premium plugin v27.9 (Yoast SEO v28.4) - https://yoast.com/product/yoast-seo-premium-wordpress/ -->
<title>Lyxig kaftan m knyte i midjan i grönt - Stil &amp; Design</title>
<meta name="robots" content="noindex, follow, max-snippet:-1, max-image-preview:large, max-video-preview:-1" />
<meta property="og:locale" content="en_US" />
<meta property="og:type" content="article" />
<meta property="og:title" content="Lyxig kaftan m knyte i midjan i grönt" />
<meta property="og:description" content="Lyxig kaftan m knyte i midjan! Härlig kaftan f Chica London, mönstrad m silvertrådar i tyget som gör att den ser så himla lyxig ut. Kaftan har även en fjärilsärm.  Material  100% Polyester  Tvättråd  30g" />
<meta property="og:url" content="https://2026.stilanddesign.se/en/product/lyxig-kaftan-m-knyte-i-midjan-i-gront/" />
<meta property="og:site_name" content="Stil &amp; Design" />
<meta property="article:modified_time" content="2025-07-07T13:57:12+00:00" />
<meta property="og:image" content="https://2026.stilanddesign.se/wp-content/uploads/2024/11/3-15-scaled-3.jpg" />
	<meta property="og:image:width" content="1401" />
	<meta property="og:image:height" content="2560" />
	<meta property="og:image:type" content="image/jpeg" />
<meta name="twitter:card" content="summary_large_image" />
<meta name="twitter:label1" content="Availability" />
	<meta name="twitter:data1" content="Out of stock" />
<script type="application/ld+json" class="yoast-schema-graph">{"@context":"https:\/\/schema.org","@graph":[{"@type":"WebPage","@id":"https:\/\/2026.stilanddesign.se\/produkt\/lyxig-kaftan-m-knyte-i-midjan-i-gront\/","url":"https:\/\/2026.stilanddesign.se\/produkt\/lyxig-kaftan-m-knyte-i-midjan-i-gront\/","name":"Lyxig kaftan m knyte i midjan i grönt - Stil &amp; Design","isPartOf":{"@id":"https:\/\/2026.stilanddesign.se\/#website"},"primaryImageOfPage":{"@id":"https:\/\/2026.stilanddesign.se\/produkt\/lyxig-kaftan-m-knyte-i-midjan-i-gront\/#primaryimage"},"image":{"@id":"https:\/\/2026.stilanddesign.se\/produkt\/lyxig-kaftan-m-knyte-i-midjan-i-gront\/#primaryimage"},"thumbnailUrl":"https:\/\/2026.stilanddesign.se\/wp-content\/uploads\/2024\/11\/3-15-scaled-3.jpg","datePublished":"2025-07-07T07:02:53+00:00","dateModified":"2025-07-07T13:57:12+00:00","breadcrumb":{"@id":"https:\/\/2026.stilanddesign.se\/produkt\/lyxig-kaftan-m-knyte-i-midjan-i-gront\/#breadcrumb"},"inLanguage":"en-US","potentialAction":[{"@type":"ReadAction","target":["https:\/\/2026.stilanddesign.se\/produkt\/lyxig-kaftan-m-knyte-i-midjan-i-gront\/"]}]},{"@type":"ImageObject","inLanguage":"en-US","@id":"https:\/\/2026.stilanddesign.se\/produkt\/lyxig-kaftan-m-knyte-i-midjan-i-gront\/#primaryimage","url":"https:\/\/2026.stilanddesign.se\/wp-content\/uploads\/2024\/11\/3-15-scaled-3.jpg","contentUrl":"https:\/\/2026.stilanddesign.se\/wp-content\/uploads\/2024\/11\/3-15-scaled-3.jpg","width":1401,"height":2560},{"@type":"BreadcrumbList","@id":"https:\/\/2026.stilanddesign.se\/produkt\/lyxig-kaftan-m-knyte-i-midjan-i-gront\/#breadcrumb","itemListElement":[{"@type":"ListItem","position":1,"name":"Hem","item":"https:\/\/2026.stilanddesign.se\/"},{"@type":"ListItem","position":2,"name":"Butiken","item":"https:\/\/2026.stilanddesign.se\/butiken\/"},{"@type":"ListItem","position":3,"name":"Lyxig kaftan m knyte i midjan i grönt"}]},{"@type":"WebSite","@id":"https:\/\/2026.stilanddesign.se\/#website","url":"https:\/\/2026.stilanddesign.se\/","name":"Stil &amp; Design","description":"För oss som älskar mode!","publisher":{"@id":"https:\/\/2026.stilanddesign.se\/#organization"},"potentialAction":[{"@type":"SearchAction","target":{"@type":"EntryPoint","urlTemplate":"https:\/\/2026.stilanddesign.se\/?s={search_term_string}"},"query-input":{"@type":"PropertyValueSpecification","valueRequired":true,"valueName":"search_term_string"}}],"inLanguage":"en-US"},{"@type":"Organization","@id":"https:\/\/2026.stilanddesign.se\/#organization","name":"Stil &amp; Design","url":"https:\/\/2026.stilanddesign.se\/","logo":{"@type":"ImageObject","inLanguage":"en-US","@id":"https:\/\/2026.stilanddesign.se\/#\/schema\/logo\/image\/","url":"https:\/\/2026.stilanddesign.se\/wp-content\/uploads\/2023\/12\/output-onlinepngtools-e1727784413220.png","contentUrl":"https:\/\/2026.stilanddesign.se\/wp-content\/uploads\/2023\/12\/output-onlinepngtools-e1727784413220.png","width":519,"height":135,"caption":"Stil &amp; Design"},"image":{"@id":"https:\/\/2026.stilanddesign.se\/#\/schema\/logo\/image\/"}}]}</script>
<meta property="og:availability" content="out of stock" />
<meta property="product:availability" content="out of stock" />
<meta property="product:retailer_item_id" content="M179-9 Grön" />
<meta property="product:condition" content="new" />
<!-- / Yoast SEO Premium plugin. -->

Lyxig kaftan m knyte i midjan i grönt - Stil &amp; Design

Lyxig kaftan m knyte i midjan i grönt

Lyxig kaftan m knyte i midjan! Härlig kaftan f Chica London, mönstrad m silvertrådar i tyget som gör att den ser så himla lyxig ut. Kaftan har även en fjärilsärm.  Material  100% Polyester  Tvättråd  30g

M179-9 Grön
